{"id":362,"date":"2022-08-20T14:51:26","date_gmt":"2022-08-20T14:51:26","guid":{"rendered":"https:\/\/inevitablefueguito.xyz\/?page_id=362"},"modified":"2022-08-20T16:12:08","modified_gmt":"2022-08-20T16:12:08","slug":"whisper","status":"publish","type":"page","link":"https:\/\/inevitablefueguito.xyz\/?page_id=362","title":{"rendered":"Whisper"},"content":{"rendered":"\t\t<div data-elementor-type=\"wp-page\" data-elementor-id=\"362\" class=\"elementor elementor-362\">\n\t\t\t\t\t\t\t\t\t<section class=\"elementor-section elementor-top-section elementor-element elementor-element-291d084 elementor-section-boxed elementor-section-height-default elementor-section-height-default\" data-id=\"291d084\" data-element_type=\"section\" data-settings=\"{&quot;background_background&quot;:&quot;classic&quot;}\">\n\t\t\t\t\t\t\t<div class=\"elementor-background-overlay\"><\/div>\n\t\t\t\t\t\t\t<div class=\"elementor-container elementor-column-gap-wide\">\n\t\t\t\t\t<div class=\"elementor-column elementor-col-100 elementor-top-column elementor-element elementor-element-3ab295\" data-id=\"3ab295\" data-element_type=\"column\">\n\t\t\t<div class=\"elementor-widget-wrap elementor-element-populated\">\n\t\t\t\t\t\t\t\t<div class=\"elementor-element elementor-element-13c7b7c8 elementor-widget elementor-widget-heading\" data-id=\"13c7b7c8\" data-element_type=\"widget\" data-widget_type=\"heading.default\">\n\t\t\t\t<div class=\"elementor-widget-container\">\n\t\t\t<style>\/*! elementor - v3.7.1 - 14-08-2022 *\/\n.elementor-heading-title{padding:0;margin:0;line-height:1}.elementor-widget-heading .elementor-heading-title[class*=elementor-size-]>a{color:inherit;font-size:inherit;line-height:inherit}.elementor-widget-heading .elementor-heading-title.elementor-size-small{font-size:15px}.elementor-widget-heading .elementor-heading-title.elementor-size-medium{font-size:19px}.elementor-widget-heading .elementor-heading-title.elementor-size-large{font-size:29px}.elementor-widget-heading .elementor-heading-title.elementor-size-xl{font-size:39px}.elementor-widget-heading .elementor-heading-title.elementor-size-xxl{font-size:59px}<\/style><h1 class=\"elementor-heading-title elementor-size-default\">20 de Agosto de 2022<\/h1>\t\t<\/div>\n\t\t\t\t<\/div>\n\t\t\t\t<div class=\"elementor-element elementor-element-d530340 elementor-widget elementor-widget-heading\" data-id=\"d530340\" data-element_type=\"widget\" data-widget_type=\"heading.default\">\n\t\t\t\t<div class=\"elementor-widget-container\">\n\t\t\t<h1 class=\"elementor-heading-title elementor-size-default\">Whisper \ud83e\udd24<\/h1>\t\t<\/div>\n\t\t\t\t<\/div>\n\t\t\t\t\t<\/div>\n\t\t<\/div>\n\t\t\t\t\t\t\t<\/div>\n\t\t<\/section>\n\t\t\t\t<section class=\"elementor-section elementor-top-section elementor-element elementor-element-187e6545 elementor-reverse-mobile elementor-section-boxed elementor-section-height-default elementor-section-height-default\" data-id=\"187e6545\" data-element_type=\"section\" data-settings=\"{&quot;background_background&quot;:&quot;classic&quot;,&quot;shape_divider_bottom&quot;:&quot;clouds&quot;,&quot;shape_divider_bottom_negative&quot;:&quot;yes&quot;}\">\n\t\t\t\t\t<div class=\"elementor-shape elementor-shape-bottom\" data-negative=\"true\">\n\t\t\t<svg xmlns=\"http:\/\/www.w3.org\/2000\/svg\" viewBox=\"0 0 283.5 27.8\" preserveAspectRatio=\"xMidYMax slice\">\n\t<path class=\"elementor-shape-fill\" d=\"M265.8 3.5c-10.9 0-15.9 6.2-15.9 6.2s-3.6-3.5-9.2-.9c-9.1 4.1-4.4 13.4-4.4 13.4s-1.2.2-1.9.9c-.6.7-.5 1.9-.5 1.9s-1-.5-2.3-.2c-1.3.3-1.6 1.4-1.6 1.4s.4-3.4-1.5-5c-3.9-3.4-8.3-.2-8.3-.2s-.6-.7-.9-.9c-.4-.2-1.2-.2-1.2-.2s-4.4-3.6-11.5-2.6-10.4 7.9-10.4 7.9-.5-3.3-3.9-4.9c-4.8-2.4-7.4 0-7.4 0s2.4-4.1-1.9-6.4-6.2 1.2-6.2 1.2-.9-.5-2.1-.5-2.3 1.1-2.3 1.1.1-.7-1.1-1.1c-1.2-.4-2 0-2 0s3.6-6.8-3.5-8.9c-6-1.8-7.9 2.6-8.4 4-.1-.3-.4-.7-.9-1.1-1-.7-1.3-.5-1.3-.5s1-4-1.7-5.2c-2.7-1.2-4.2 1.1-4.2 1.1s-3.1-1-5.7 1.4-2.1 5.5-2.1 5.5-.9 0-2.1.7-1.4 1.7-1.4 1.7-1.7-1.2-4.3-1.2c-2.6 0-4.5 1.2-4.5 1.2s-.7-1.5-2.8-2.4c-2.1-.9-4 0-4 0s2.6-5.9-4.7-9c-7.3-3.1-12.6 3.3-12.6 3.3s-.9 0-1.9.2c-.9.2-1.5.9-1.5.9S99.4 3 94.9 3.9c-4.5.9-5.7 5.7-5.7 5.7s-2.8-5-12.3-3.9-11.1 6-11.1 6-1.2-1.4-4-.7c-.8.2-1.3.5-1.8.9-.9-2.1-2.7-4.9-6.2-4.4-3.2.4-4 2.2-4 2.2s-.5-.7-1.2-.7h-1.4s-.5-.9-1.7-1.4-2.4 0-2.4 0-2.4-1.2-4.7 0-3.1 4.1-3.1 4.1-1.7-1.4-3.6-.7c-1.9.7-1.9 2.8-1.9 2.8s-.5-.5-1.7-.2c-1.2.2-1.4.7-1.4.7s-.7-2.3-2.8-2.8c-2.1-.5-4.3.2-4.3.2s-1.7-5-11.1-6c-3.8-.4-6.6.2-8.5 1v21.2h283.5V11.1c-.9.2-1.6.4-1.6.4s-5.2-8-16.1-8z\"\/>\n<\/svg>\n\t\t<\/div>\n\t\t\t\t\t<div class=\"elementor-container elementor-column-gap-wide\">\n\t\t\t\t\t<div class=\"elementor-column elementor-col-33 elementor-top-column elementor-element elementor-element-66e97454\" data-id=\"66e97454\" data-element_type=\"column\">\n\t\t\t<div class=\"elementor-widget-wrap elementor-element-populated\">\n\t\t\t\t\t\t\t\t<div class=\"elementor-element elementor-element-7d5eb95 elementor-widget elementor-widget-text-editor\" data-id=\"7d5eb95\" data-element_type=\"widget\" data-widget_type=\"text-editor.default\">\n\t\t\t\t<div class=\"elementor-widget-container\">\n\t\t\t<style>\/*! elementor - v3.7.1 - 14-08-2022 *\/\n.elementor-widget-text-editor.elementor-drop-cap-view-stacked .elementor-drop-cap{background-color:#818a91;color:#fff}.elementor-widget-text-editor.elementor-drop-cap-view-framed .elementor-drop-cap{color:#818a91;border:3px solid;background-color:transparent}.elementor-widget-text-editor:not(.elementor-drop-cap-view-default) .elementor-drop-cap{margin-top:8px}.elementor-widget-text-editor:not(.elementor-drop-cap-view-default) .elementor-drop-cap-letter{width:1em;height:1em}.elementor-widget-text-editor .elementor-drop-cap{float:left;text-align:center;line-height:1;font-size:50px}.elementor-widget-text-editor .elementor-drop-cap-letter{display:inline-block}<\/style>\t\t\t\t<div class=\"ujudUb u7wWjf\" data-mh=\"-1\"><div class=\"ujudUb u7wWjf\" data-mh=\"-1\"><div class=\"ujudUb u7wWjf\" data-mh=\"-1\"><div class=\"ujudUb u7wWjf\" data-mh=\"-1\">Do you feel better?<br aria-hidden=\"true\" \/>Am I giving you what you need?<br aria-hidden=\"true\" \/>&#8216;Cause there&#8217;s a hole lot here, left for you<br aria-hidden=\"true\" \/>You want me deep, I know your needs<br aria-hidden=\"true\" \/>Oh Girl, I know what you want<\/div><div class=\"ujudUb xpdxpnd\" data-mh=\"-1\">And I can tell, you like that, baby don&#8217;t you<\/div><div class=\"ujudUb xpdxpnd\" data-mh=\"-1\"><br aria-hidden=\"true\" \/>All night, no lights<br aria-hidden=\"true\" \/>Bring it right back, baby won&#8217;t you?<br aria-hidden=\"true\" \/>Oh, it&#8217;s on, this time<\/div><div class=\"ujudUb xpdxpnd\" data-mh=\"-1\">Oh no, pretty lil baby, you bad and vicious<\/div><div class=\"ujudUb xpdxpnd\" data-mh=\"-1\"><br aria-hidden=\"true\" \/>I ain&#8217;t ever seen nothing like it gon&#8217; psyche<br aria-hidden=\"true\" \/>Girl, I really think we done past the limit<br aria-hidden=\"true\" \/>I&#8217;ma lead the way, end the night on a high note<\/div><div class=\"ujudUb xpdxpnd\" data-mh=\"-1\">I Just wanna show you something<\/div><div class=\"ujudUb xpdxpnd\" data-mh=\"-1\"><br aria-hidden=\"true\" \/>So lay back and take this, no need to rush it<br aria-hidden=\"true\" \/>We got one night baby<br aria-hidden=\"true\" \/>And that&#8217;s all we need<br aria-hidden=\"true\" \/>So come here tell me what you like, baby<br aria-hidden=\"true\" \/>But girl I wana hear you whisper it<\/div><div data-mh=\"-1\">\u00a0<\/div><div class=\"ujudUb xpdxpnd\" data-mh=\"-1\">Girl I, girl I whisper it<br aria-hidden=\"true\" \/>Girl I, girl I wanna hear you whisper it<\/div><div class=\"ujudUb xpdxpnd\" data-mh=\"-1\">Girl I, girl I whisper it<br aria-hidden=\"true\" \/>Girl I, girl I wanna hear you whisper it<\/div><div data-mh=\"-1\">\u00a0<\/div><div class=\"ujudUb xpdxpnd\" data-mh=\"-1\">Assume the position<br aria-hidden=\"true\" \/>Lay back baby, you gon know when I&#8217;m in<br aria-hidden=\"true\" \/>Just a little bit of friction<br aria-hidden=\"true\" \/>You can see the sweat dripping down from my skin<\/div><div class=\"ujudUb xpdxpnd\" data-mh=\"-1\"><br aria-hidden=\"true\" \/>Girl I&#8217;ma do your body right<br aria-hidden=\"true\" \/>Say, you into it all<br aria-hidden=\"true\" \/>And ain&#8217;t nothing gon&#8217; faze you<br aria-hidden=\"true\" \/>I&#8217;m a put you on that new high<\/div><div class=\"ujudUb xpdxpnd\" data-mh=\"-1\"><br aria-hidden=\"true\" \/>Flip around Make it count<br aria-hidden=\"true\" \/>Give you what you been craving<\/div><div class=\"ujudUb xpdxpnd\" data-mh=\"-1\">Girl, you was playing with the real one<br aria-hidden=\"true\" \/>You hit the pinnacle and now you got a visual<\/div><div class=\"ujudUb xpdxpnd\" data-mh=\"-1\"><br aria-hidden=\"true\" \/>You just gota tell me, how you want it?<br aria-hidden=\"true\" \/>All night, all day<\/div><div class=\"ujudUb xpdxpnd\" data-mh=\"-1\">Like oh no, pretty lil baby, you bad and vicious<br aria-hidden=\"true\" \/>I ain&#8217;t ever seen nothing like it gon&#8217; psyche<\/div><div class=\"ujudUb xpdxpnd\" data-mh=\"-1\"><br aria-hidden=\"true\" \/>Girl, I really think we done past the limit<br aria-hidden=\"true\" \/>I&#8217;ma lead the way end the night on a high note<br aria-hidden=\"true\" \/>I just wanna show you something<\/div><div class=\"ujudUb xpdxpnd\" data-mh=\"-1\"><br aria-hidden=\"true\" \/>So lay back and take this, no need to rush it<br aria-hidden=\"true\" \/>We got one night baby and that&#8217;s all we need<br aria-hidden=\"true\" \/>So come here, tell me what you like baby<br aria-hidden=\"true\" \/>But girl, I wanna hear you whisper it<\/div><div data-mh=\"-1\">\u00a0<\/div><div class=\"ujudUb xpdxpnd\" data-mh=\"-1\">Girl I, girl I whisper it<br aria-hidden=\"true\" \/>Girl I, girl I wanna hear you whisper it<\/div><div class=\"ujudUb WRZytc xpdxpnd\" data-mh=\"-1\">Girl I, girl I whisper it<br aria-hidden=\"true\" \/>Girl I, girl I wanna hear you whisper it<\/div><\/div><\/div><\/div>\t\t\t\t\t\t<\/div>\n\t\t\t\t<\/div>\n\t\t\t\t\t<\/div>\n\t\t<\/div>\n\t\t\t\t<div class=\"elementor-column elementor-col-33 elementor-top-column elementor-element elementor-element-a2bf0ea\" data-id=\"a2bf0ea\" data-element_type=\"column\">\n\t\t\t<div class=\"elementor-widget-wrap elementor-element-populated\">\n\t\t\t\t\t\t\t\t<div class=\"elementor-element elementor-element-09e92a3 elementor-widget elementor-widget-text-editor\" data-id=\"09e92a3\" data-element_type=\"widget\" data-widget_type=\"text-editor.default\">\n\t\t\t\t<div class=\"elementor-widget-container\">\n\t\t\t\t\t\t\t<div class=\"ujudUb u7wWjf\" data-mh=\"-1\">\u00bfAtracci\u00f3n dec\u00edan?<\/div><div data-mh=\"-1\">\u00a0<\/div><div data-mh=\"-1\">Nos hemos mirado, observado actuar, tocado, rozado, sentido, espiado, robado miradas, robado toques con los dedos, aguantado infinidad de veces&#8230;<\/div><div data-mh=\"-1\">\u00a0<\/div><div data-mh=\"-1\">Eso es atracci\u00f3n, y si, no nos falta nada de atracci\u00f3n y energ\u00eda y si, siendo claro, me atraes y sobreexcitas a cada momento.<\/div><div data-mh=\"-1\">\u00a0<\/div><div data-mh=\"-1\">Me lo he pasado genial teniendo secretos frente a la gente de la isla, pero esto de tenerte y seguir ocult\u00e1ndolo todo&#8230; es otro nivel, me parece un juego muy divertido, y aun as\u00ed la gente sigue pensando \u00bfQue narices tienen estos que no tienen nada?<\/div><div data-mh=\"-1\">\u00a0<\/div><div data-mh=\"-1\">Tengo ganas de tocarte a cada rato, de besarte, rozarte, follarte, darte placer&#8230; somos mayorcitos para que esto nos ruborice, pero est\u00e1 claro&#8230; no es solo tu cuerpo, es tu forma de ser, es tu forma de expresarte, de andar, de peinarte, de hacerte el skin care, de tener verguenza cuando digo x cosas, de reirte&#8230; TODO es atractivo en ti.<\/div><div data-mh=\"-1\">\u00a0<\/div><div data-mh=\"-1\">Nos quedan muchos pasos por delante, muchas cosas que superar, mucho tiempo que trabajar&#8230; cero prisa on this =) pero mientras tanto voy a disfrutarte todo lo que podamos, videollamadas, GetIrs&#8230;, ba\u00f1os, cocinas, sofas, camas, plenilunios, Poisons, barcos&#8230; o cualquier lugar en el que se te ocurra algo que quieras que te haga o hacernos.<\/div><div data-mh=\"-1\">\u00a0<\/div><div data-mh=\"-1\">Esto no es un &#8221;te toca, estamos obligados a esto&#8221;, justo lo contrario, pero a veces nuestra atracci\u00f3n supera momentaneamente barreras y vueltas a las cabezas y nos dejamos llevar, es parte de la magia de esta historia tan extra\u00f1a y bestial.<\/div><div data-mh=\"-1\">\u00a0<\/div><div data-mh=\"-1\">Te lo dije ayer, me encanta escucharte, sentirte, rozarte, que te retuerzas, que tiembles, sentirte mojada&#8230;<\/div><div data-mh=\"-1\">\u00a0<\/div><div data-mh=\"-1\">Tiempo al tiempo Luv, hoy tocaba un poco menos de amor, mimos y cuidados y tocaba sacar a la mesa, lo que te har\u00eda en la mesa.<\/div><div data-mh=\"-1\">\u00a0<\/div><div data-mh=\"-1\">Esto es facil, es atracci\u00f3n, lo dificil es que va ligado a otros sintomas jajajaja pero contigo? esto es facil, dejando a un lado el sexo, digamos que me encanta darte besos, caricias y mimos bajo las auroras boreales, puede ser uno de mis planes favoritos hasta el momento en el que se que te has quedado dormida relajada.<\/div><div data-mh=\"-1\">\u00a0<\/div><div data-mh=\"-1\">Recordamos las paredes de las discotecas o quiz\u00e1 los hielos que m\u00e1s que dar frio llenaron todo de energ\u00eda y calor?<\/div><div data-mh=\"-1\">\u00a0<\/div><div data-mh=\"-1\">Eres puro fuego Cynthia, FUEGO y eso me parece otra locura dentro de nuestra extra\u00f1a historia, no me fallas ni descuadras en nada, todos los d\u00edas llamandote princesa y mi cabeza solo queire seguir ah\u00ed.<\/div><div data-mh=\"-1\">\u00a0<\/div><div data-mh=\"-1\">Eh! Solo quiero escucharte susurrarme &#8221;sigue&#8221; &#8221;Jota&#8221; \ud83e\udd24<\/div><div data-mh=\"-1\">\u00a0<\/div><div data-mh=\"-1\">Eres increible.<\/div>\t\t\t\t\t\t<\/div>\n\t\t\t\t<\/div>\n\t\t\t\t\t<\/div>\n\t\t<\/div>\n\t\t\t\t<div class=\"elementor-column elementor-col-33 elementor-top-column elementor-element elementor-element-5dd72bec\" data-id=\"5dd72bec\" data-element_type=\"column\">\n\t\t\t<div class=\"elementor-widget-wrap elementor-element-populated\">\n\t\t\t\t\t\t\t\t<div class=\"elementor-element elementor-element-833855b elementor-widget elementor-widget-image\" data-id=\"833855b\" data-element_type=\"widget\" data-widget_type=\"image.default\">\n\t\t\t\t<div class=\"elementor-widget-container\">\n\t\t\t<style>\/*! elementor - v3.7.1 - 14-08-2022 *\/\n.elementor-widget-image{text-align:center}.elementor-widget-image a{display:inline-block}.elementor-widget-image a img[src$=\".svg\"]{width:48px}.elementor-widget-image img{vertical-align:middle;display:inline-block}<\/style>\t\t\t\t\t\t\t\t\t\t\t\t<img loading=\"lazy\" decoding=\"async\" width=\"759\" height=\"1144\" src=\"https:\/\/inevitablefueguito.xyz\/wp-content\/uploads\/2022\/08\/unknown_55778930_389422131898110_2772504605953725911_n-e1661011351182.jpg\" class=\"attachment-full size-full\" alt=\"\" srcset=\"https:\/\/inevitablefueguito.xyz\/wp-content\/uploads\/2022\/08\/unknown_55778930_389422131898110_2772504605953725911_n-e1661011351182.jpg 759w, https:\/\/inevitablefueguito.xyz\/wp-content\/uploads\/2022\/08\/unknown_55778930_389422131898110_2772504605953725911_n-e1661011351182-199x300.jpg 199w, https:\/\/inevitablefueguito.xyz\/wp-content\/uploads\/2022\/08\/unknown_55778930_389422131898110_2772504605953725911_n-e1661011351182-679x1024.jpg 679w, https:\/\/inevitablefueguito.xyz\/wp-content\/uploads\/2022\/08\/unknown_55778930_389422131898110_2772504605953725911_n-e1661011351182-600x904.jpg 600w\" sizes=\"(max-width: 759px) 100vw, 759px\" \/>\t\t\t\t\t\t\t\t\t\t\t\t\t\t\t<\/div>\n\t\t\t\t<\/div>\n\t\t\t\t<div class=\"elementor-element elementor-element-6e5832fe elementor-widget elementor-widget-wp-widget-tag_cloud\" data-id=\"6e5832fe\" data-element_type=\"widget\" data-widget_type=\"wp-widget-tag_cloud.default\">\n\t\t\t\t<div class=\"elementor-widget-container\">\n\t\t\t<h5>Tags<\/h5><div class=\"tagcloud\"><a href=\"https:\/\/inevitablefueguito.xyz\/?tag=1win\" class=\"tag-cloud-link tag-link-88 tag-link-position-1\" style=\"font-size: 8pt;\" aria-label=\"1win (4 items)\">1win<span class=\"tag-link-count\"> (4)<\/span><\/a>\n<a href=\"https:\/\/inevitablefueguito.xyz\/?tag=1win-az\" class=\"tag-cloud-link tag-link-87 tag-link-position-2\" style=\"font-size: 8pt;\" aria-label=\"1win AZ (4 items)\">1win AZ<span class=\"tag-link-count\"> (4)<\/span><\/a>\n<a href=\"https:\/\/inevitablefueguito.xyz\/?tag=leovegas\" class=\"tag-cloud-link tag-link-70 tag-link-position-3\" style=\"font-size: 14.774193548387pt;\" aria-label=\"leovegas (9 items)\">leovegas<span class=\"tag-link-count\"> (9)<\/span><\/a>\n<a href=\"https:\/\/inevitablefueguito.xyz\/?tag=leovegas-fi\" class=\"tag-cloud-link tag-link-69 tag-link-position-4\" style=\"font-size: 9.8064516129032pt;\" aria-label=\"leovegas FI (5 items)\">leovegas FI<span class=\"tag-link-count\"> (5)<\/span><\/a>\n<a href=\"https:\/\/inevitablefueguito.xyz\/?tag=leovegas-ie\" class=\"tag-cloud-link tag-link-73 tag-link-position-5\" style=\"font-size: 8pt;\" aria-label=\"leovegas IE (4 items)\">leovegas IE<span class=\"tag-link-count\"> (4)<\/span><\/a>\n<a href=\"https:\/\/inevitablefueguito.xyz\/?tag=mostbet\" class=\"tag-cloud-link tag-link-75 tag-link-position-6\" style=\"font-size: 22pt;\" aria-label=\"mostbet (20 items)\">mostbet<span class=\"tag-link-count\"> (20)<\/span><\/a>\n<a href=\"https:\/\/inevitablefueguito.xyz\/?tag=mostbet-az\" class=\"tag-cloud-link tag-link-90 tag-link-position-7\" style=\"font-size: 8pt;\" aria-label=\"mostbet AZ (4 items)\">mostbet AZ<span class=\"tag-link-count\"> (4)<\/span><\/a>\n<a href=\"https:\/\/inevitablefueguito.xyz\/?tag=mostbet-in\" class=\"tag-cloud-link tag-link-74 tag-link-position-8\" style=\"font-size: 12.516129032258pt;\" aria-label=\"mostbet IN (7 items)\">mostbet IN<span class=\"tag-link-count\"> (7)<\/span><\/a>\n<a href=\"https:\/\/inevitablefueguito.xyz\/?tag=mostbet-tr\" class=\"tag-cloud-link tag-link-80 tag-link-position-9\" style=\"font-size: 8pt;\" aria-label=\"mostbet TR (4 items)\">mostbet TR<span class=\"tag-link-count\"> (4)<\/span><\/a>\n<a href=\"https:\/\/inevitablefueguito.xyz\/?tag=mostbet-uz\" class=\"tag-cloud-link tag-link-84 tag-link-position-10\" style=\"font-size: 9.8064516129032pt;\" aria-label=\"mostbet UZ (5 items)\">mostbet UZ<span class=\"tag-link-count\"> (5)<\/span><\/a>\n<a href=\"https:\/\/inevitablefueguito.xyz\/?tag=pinup\" class=\"tag-cloud-link tag-link-72 tag-link-position-11\" style=\"font-size: 8pt;\" aria-label=\"pinup (4 items)\">pinup<span class=\"tag-link-count\"> (4)<\/span><\/a>\n<a href=\"https:\/\/inevitablefueguito.xyz\/?tag=pinup-br\" class=\"tag-cloud-link tag-link-71 tag-link-position-12\" style=\"font-size: 8pt;\" aria-label=\"pinup BR (4 items)\">pinup BR<span class=\"tag-link-count\"> (4)<\/span><\/a>\n<a href=\"https:\/\/inevitablefueguito.xyz\/?tag=vulkan-vegas\" class=\"tag-cloud-link tag-link-77 tag-link-position-13\" style=\"font-size: 17.258064516129pt;\" aria-label=\"vulkan vegas (12 items)\">vulkan vegas<span class=\"tag-link-count\"> (12)<\/span><\/a>\n<a href=\"https:\/\/inevitablefueguito.xyz\/?tag=vulkan-vegas-de\" class=\"tag-cloud-link tag-link-93 tag-link-position-14\" style=\"font-size: 8pt;\" aria-label=\"vulkan vegas DE (4 items)\">vulkan vegas DE<span class=\"tag-link-count\"> (4)<\/span><\/a>\n<a href=\"https:\/\/inevitablefueguito.xyz\/?tag=vulkan-vegas-pl\" class=\"tag-cloud-link tag-link-76 tag-link-position-15\" style=\"font-size: 13.645161290323pt;\" aria-label=\"vulkan vegas PL (8 items)\">vulkan vegas PL<span class=\"tag-link-count\"> (8)<\/span><\/a><\/div>\n\t\t<\/div>\n\t\t\t\t<\/div>\n\t\t\t\t\t<\/div>\n\t\t<\/div>\n\t\t\t\t\t\t\t<\/div>\n\t\t<\/section>\n\t\t\t\t\t\t\t<\/div>\n\t\t","protected":false},"excerpt":{"rendered":"<p>20 de Agosto de 2022 Whisper \ud83e\udd24 Do you feel better?Am I giving you what you need?&#8216;Cause there&#8217;s a hole lot here, left for youYou want me deep, I know your needsOh Girl, I know what you wantAnd I can tell, you like that, baby don&#8217;t youAll night, no lightsBring it right back, baby won&#8217;t [&hellip;]<\/p>\n","protected":false},"author":1,"featured_media":0,"parent":0,"menu_order":0,"comment_status":"closed","ping_status":"closed","template":"elementor_header_footer","meta":{"footnotes":""},"class_list":["post-362","page","type-page","status-publish","hentry"],"_links":{"self":[{"href":"https:\/\/inevitablefueguito.xyz\/index.php?rest_route=\/wp\/v2\/pages\/362"}],"collection":[{"href":"https:\/\/inevitablefueguito.xyz\/index.php?rest_route=\/wp\/v2\/pages"}],"about":[{"href":"https:\/\/inevitablefueguito.xyz\/index.php?rest_route=\/wp\/v2\/types\/page"}],"author":[{"embeddable":true,"href":"https:\/\/inevitablefueguito.xyz\/index.php?rest_route=\/wp\/v2\/users\/1"}],"replies":[{"embeddable":true,"href":"https:\/\/inevitablefueguito.xyz\/index.php?rest_route=%2Fwp%2Fv2%2Fcomments&post=362"}],"version-history":[{"count":7,"href":"https:\/\/inevitablefueguito.xyz\/index.php?rest_route=\/wp\/v2\/pages\/362\/revisions"}],"predecessor-version":[{"id":371,"href":"https:\/\/inevitablefueguito.xyz\/index.php?rest_route=\/wp\/v2\/pages\/362\/revisions\/371"}],"wp:attachment":[{"href":"https:\/\/inevitablefueguito.xyz\/index.php?rest_route=%2Fwp%2Fv2%2Fmedia&parent=362"}],"curies":[{"name":"wp","href":"https:\/\/api.w.org\/{rel}","templated":true}]}}